mon factor of 16 and v?
16
Suppose 504 = 18*s - 15*s. Suppose 4*m = 10*m - s. What is the greatest common divisor of m and 14?
14
Let q be (125/(-15))/(4/6 + -1). What is the greatest common divisor of 4975 and q?
25
Suppose -4*l + 254 = -2*w, -5*l + 0*w + 2*w + 319 = 0. Suppose -49 = 4*t - l. Calculate the greatest common divisor of 22 and t.
2
Let b(i) = i + 26. Let s be b(19). Calculate the highest common divisor of 30 and s.
15
Let w(d) be the first derivative of d**3/3 - d**2 + 24*d - 6. Let y be w(-10). Calculate the greatest common divisor of y and 16.
16
Let j = -185 + 200. What is the greatest common divisor of j and 65?
5
Let x = 30 - 19. Let d = 134 + -35. Calculate the highest common factor of d and x.
11
Suppose 3*d - 8 = 5*d. Let g = d - -13. Suppose -g*f = -8*f - 1. What is the highest common divisor of 8 and f?
1
Let u(v) = 24*v + 165. Let n be u(0). Calculate the highest common divisor of n and 30.
15
Suppose 570 = 8*c - 422. Suppose 11*x = 9*x + c. What is the highest common divisor of 31 and x?
31
Let t(a) = a**2 - 28*a - 1543. Let x be t(-28). Let r(d) = -d**2 + 6*d - 3. Let c be r(4). What is the highest common divisor of c and x?
5
Let n(d) = d**2 + 82*d + 564. Let y be n(-7). Calculate the highest common divisor of 26 and y.
13
Let u = -175 - -285. Suppose -8*w + u = -3*w. Let v(z) = z**3 - 2*z**2 - 2*z - 1. Let o be v(3). What is the highest common divisor of w and o?
2
Suppose 18*q = 8*q. Suppose q = -3*m + 13*m - 630. Calculate the greatest common divisor of m and 9.
9
Suppose 4*j = 2*w - 472, 0 = 2*w - j - 449 - 29. Let p(c) = 2*c**2 + 4*c. Let i be p(6). Calculate the highest common divisor of w and i.
48
Let r be (-4)/(16/20)*14. Let l = -38 - r. What is the greatest common divisor of 256 and l?
32
Suppose 0 = -0*p + 5*p - 10. Suppose -l - 108 = -x, -x + p*x - 102 = 4*l. Calculate the greatest common factor of 10 and x.
10
Let z = 0 - -1. Let r(t) = -2*t**2 - 14*t + 6. Let l be r(-7). Let g be 18*4*z/l. Calculate the greatest common factor of g and 6.
6
Let p(o) = -10*o. Let n be p(3). Suppose -2*t + 0*t - 6 = 0, -r - 4*t - 29 = 0. Let w = r - n. Calculate the highest common factor of w and 91.
13
Let g(w) = -w**2 - w. Let x(y) = y**3 + 7*y**2 - y - 6. Let p(n) = -4*g(n) - x(n). Let i be p(-4). What is the highest common divisor of i and 22?
2
Suppose 0 = 3*i + 12, 7*b + i = 4*b + 113. Calculate the highest common divisor of 273 and b.
39
Let n(i) = 9*i**2 + 106*i + 5. Let v be n(-13). Calculate the highest common factor of v and 333.
37
Suppose 79 = 5*k - 11. Suppose 5*f - 3265 = -8*s + 3*s, 0 = -4*f + 2*s + 2612. Suppose 4*h = f - 77. Calculate the greatest common divisor of h and k.
18
Let v = -7 + 9. Let p be 16/56 + (-346)/(-14). Suppose -2*x - 3*x + u = -p, 4*u - 44 = -4*x. Calculate the greatest common divisor of v and x.
2
Let u = 62 + -46. Let c be 2/3 + 4/3. Let a(v) = v**2 + v - 4. Let r be a(c). What is the highest common divisor of r and u?
2
Suppose 8 = -2*u + 5*p + 3, -4*u + 5*p + 15 = 0. Let d be (72/30)/(3/u). Suppose -3*y + d*y = 60. What is the highest common divisor of 6 and y?
6
Let g(j) = -4*j. Let h be g(-1). Suppose -63 = -h*a + a. Suppose p + 1 = o - 13, -4*o + 56 = -2*p. Calculate the highest common factor of o and a.
7
Suppose -2*g - 148 = -5*y - 392, -3*y = -4*g + 460. Calculate the highest common divisor of 42 and g.
14
Let g(y) = 9 - 8 + 10 + 6*y + 3*y. Let o be g(5). Suppose -d - 5*j - 22 = -4*d, -4*d = -2*j - 48. Calculate the greatest common factor of d and o.
14
Suppose n - h = 217, 4*n + 5*h - 283 = 612. What is the highest common divisor of 20 and n?
20
Suppose -468 = -36*s + 27*s. Calculate the highest common divisor of s and 65.
13
Let h(k) = -k**2 - 13*k + 425. Let o be h(-23). What is the highest common factor of 104 and o?
13
Let u(s) = 3*s**2 + s + 2. Let f be u(2). Let q be (-16)/5*-2*35/14. Calculate the greatest common divisor of f and q.
16
Let t(g) = -g**3 + 12*g**2 - 19*g + 18. Let j be t(10). Let k = -51 - -75. Let p = k - 10. What is the greatest common divisor of j and p?
14
Let f = -176 + 177. Calculate the greatest common divisor of f and 7.
1
Let s(q) = q**2 + 10*q + 7. Let d be s(-9). Let w be 1730/4 - (-1)/d. Suppose n - 3*n + w = 0. Calculate the highest common factor of n and 27.
27
Let n be (1368/285)/(1 + 102/(-105)). Calculate the highest common factor of n and 72.
24
Suppose 0 = 4*k - i + 116 - 742, i + 2 = 0. What is the highest common divisor of k and 546?
78
Let r be ((-138)/15)/((-9)/1890). What is the greatest common factor of 28 and r?
28
Let m = -132 - -173. What is the highest common divisor of m and 451?
41
Suppose -63*b + 27*b = -1440. Calculate the highest common factor of b and 110.
10
Let c(l) = -4*l + 11. Suppose 0 = -0*m - 5*m + 5*a + 30, 0 = 4*m + a - 34. Let x be c(m). Let o = x - -22. What is the highest common factor of o and 1?
1
Let t be (-1 - 4 - 2)/1. Let q(i) = i**3 + 7*i**2 - i - 7. Let b be q(t). Suppose b = 5*z - 2*z - 132. What is the highest common divisor of 11 and z?
11
Suppose 0 = -4*v + v. Suppose v*z = -2*z - 5*f + 5, 0 = -4*z - f + 37. What is the highest common divisor of z and 10?
10
Let h(z) = z**2 - 7*z + 10. Let l be h(5). Suppose 5*j + 20 = 0, -x + l*x + 44 = -5*j. Calculate the greatest common factor of 3 and x.
3
Let f be (-664)/(-14) + 8/14. Suppose 5*r - f = 2*r. What is the greatest common factor of r and 144?
16
Let f = -3 - -30. Suppose 0 = 4*y + 35 - 143. What is the highest common factor of y and f?
27
Suppose -2*g + 3*g - 23 = 0. Suppose 58 + g = 3*r. Let z be (27/6)/((-1)/(-42)). What is the highest common factor of r and z?
27
Let u be (819/72 - -5) + (-6)/16. Let k = -23 - -47. Calculate the greatest common divisor of k and u.
8
Let w = 39 + 93. Calculate the greatest common divisor of 12 and w.
12
Suppose -2*c + 3*q = 2*c - 150, -c + 2*q + 40 = 0. Suppose 2*n - 52 = -c. Calculate the highest common factor of n and 8.
8
Let c(z) = z + 5. Let f be c(13). Calculate the highest common divisor of 90 and f.
18
Let i be (-24)/(-3)*(1 + 1). Suppose -3*a - z = -2*a - 62, 3*z = -6. Calculate the highest common factor of i and a.
16
Let j be (-47 + 27)/(4/6 + -1). What is the highest common divisor of j and 36?
12
Let z be 2/(-4) + 110/(-4). Let c be (-8)/z - 414/(-21). Calculate the highest common divisor of 8 and c.
4
Suppose 2 = -2*f, -j + f = 759 - 1894. What is the highest common divisor of j and 42?
42
Let j = -196 + 135. Let a = j - -80. What is the greatest common factor of 19 and a?
19
Let x(f) = -3*f**3 - 2*f**2 + 7*f - 72. Let g be x(-8). Calculate the highest common factor of g and 480.
160
Let v(y) = -6*y**2 - 113*y + 24. Let a be v(-19). Suppose 2*b - 3*b = -5. Calculate the greatest common divisor of a and b.
5
Suppose 0 = -13*a + 14*a + 5*b - 107, a + 4*b = 112. What is the greatest common factor of a and 96?
12
Let l = 16 - 29. Let k(q) = q**2 + 14*q + 31. Let g be k(l). What is the highest common divisor of g and 9?
9
Let i = 83 + -49. Let s be 4 + -1 - (-6 - 8). What is the greatest common factor of s and i?
17
Let y be (-1 + -1)/8 + 970/40. What is the highest common divisor of y and 39?
3
Let r(l) = -l**3 - 6*l**2 + 4*l - 9. Let z(v) = -v - 3. Let c be z(4). Let m be r(c). Calculate the highest common divisor of 8 and m.
4
Let h be -3*(0 + -1) - -3. Suppose -15 = t + 21. Let x = -12 - t. Calculate the greatest common divisor of h and x.
6
Let a(x) = x**2 - x + 2. Suppose -g + 6 + 3 = 0. Suppose t - 4*i = -17, 0*i - g = -3*i. Let b be a(t). What is the highest common divisor of 4 and b?
4
Suppose 5*j - 42 + 225 = 2*a, -3*j = -3*a + 288. What is the greatest common factor of a and 81?
9
Let w(o) = -o**3 + 21*o + 48. Let f be w(-4). What is the greatest common divisor of 7 and f?
7
Let i = -261 + 317. What is the highest common divisor of i and 56?
56
Let m = 458 - 404. What is the highest common factor of 126 and m?
18
Suppose 3*q - 5*t = 28, -q - 4*q + 2*t = -72. What is the highest common divisor of 192 and q?
16
Suppose -4*b - 15 + 70 = -5*a, -2*b + 2*a = -30. What is the highest common factor of 640 and b?
20
Let m(j) = j**3 - 37*j**2 + 70*j + 13. Let k be m(35). Let u = -80 - -119. What is the highest common factor of u and k?
13
Let x(l) = -3*l + l**2 + 5 - l - 4 - 2*l**3. Let t be